. Let u be w(2). Suppose 0*j = j + u. Let h(r) be the second derivative of -r**5/20 - r**4/3 + 2*r**2 - 23*r. Determine h(j).
-5
Suppose -3*d + 7 = -2*d. Let y(b) = -7*b + 0 - 3 + d + 3*b. Give y(4).
-12
Suppose -6*k + 6 = 60. Let a be -1*((5 - 1) + k). Let t(l) = l**2 - 4*l - 3. Calculate t(a).
2
Let l(i) = i + 2. Suppose -5*o + 21 = v, 4 + 3 = 2*v + 3*o. Determine l(v).
-2
Let c(f) = f**2 + 7*f + 7. Let w be c(-6). Suppose -3 - w = 2*o. Let z(v) be the second derivative of -v**5/10 - v**4/3 - v**3/3 + v**2 + 254*v. Give z(o).
6
Let h be (-19)/(-2) - 21/(-14). Let n(y) = 9 + 4*y + y**2 + 4 - h. Suppose -4*r - 20 = 7*a - 3*a, 0 = -2*r + 5*a - 10. Give n(r).
7
Let j(g) = -g**2 - 7*g - 1. Let x = -76 - -71. What is j(x)?
9
Let r(u) = -2*u - 12434 + u**2 + 12438 - 5*u. What is r(5)?
-6
Let t(n) = 5*n + 3. Let k be -1*2*3/6. Let x be (5 + -5)/(k - 1) + -2. Calculate t(x).
-7
Let u(q) be the third derivative of q**5/30 + q**4/12 - q**2. Suppose -1 = -j + 4*z, 4*z + 1 = j + 2*z. Let f be (1 + j)*17/(-17). What is u(f)?
4
Let g(p) = p. Let o be g(2). Let a(f) = 3 - 15*f + f**o + 33*f - 17*f. Calculate a(0).
3
Let u be 4/10 + 12/(-5). Let d(a) = 7*a**3 - 28*a**2 + 12*a - 1. Let p(r) = -13*r**3 + 51*r**2 - 22*r + 2. Let l(f) = -11*d(f) - 6*p(f). Calculate l(u).
-1
Suppose 0 = -x + 4*x + 5*c + 8, 0 = 3*x - 4*c - 28. Let g = x - 5. Let k(f) = f**2 + 4*f**3 + 2305 - 2305 + f. What is k(g)?
-4
Let z = 44 - 33. Let j(c) = -5*c**2 - 30*c - 1. Let m(t) = t**2 + 6*t. Let s(y) = z*m(y) + 2*j(y). What is s(-6)?
-2
Let n(s) = -4*s + 3. Let k be n(-3). Let d(o) = k - o - 34 + 16. Suppose 4*l - 1 + 5 = 0, -3*l = -2*c - 9. What is d(c)?
3
Let i(g) be the first derivative of g**4/4 - 7*g**3/3 - 7*g**2/2 - 2*g + 2. Give i(8).
6
Suppose f = -3*j - j + 20, 3*j + 5*f - 32 = 0. Suppose 0*d + 9 = -2*d - 5*v, -4 = -j*v. Let r(q) = -q + 2*q - 1 + 7. What is r(d)?
-1
Let q(d) = -13*d + 23*d - 11*d. Let r be ((-4)/(-10))/((-1)/5). What is q(r)?
2
Let d(y) = y**3 + 3*y**2 + 3*y. Suppose 5*s + 2*g + 1 - 31 = 0, -20 = -4*g. Suppose s*t = 3*n, -2*t - 6 = 3*n + 12. What is d(t)?
-9
Let t(y) be the first derivative of y**5/20 + y**4/6 - y**3/2 - y**2/2 - 13*y - 11. Let i(w) be the first derivative of t(w). Calculate i(-3).
-1
Let l(z) = z**2 + 8*z - 24. Suppose 0 = -3*a - 6*a - 90. Determine l(a).
-4
Let u be -3 + (0 - (-6)/(-3)). Let l(j) = -4*j - 5*j + 6*j + 1 + j. Give l(u).
11
Suppose -t + 5*c + 17 = -0*t, 2*c = t - 11. Let b(d) = -d**3 + 7*d**2 + d - 1. Calculate b(t).
6
Let x(n) = -2*n**3 + 4*n**2 + 2. Let g be x(2). Let m(u) = u**2 + 27*u + 0*u**2 + u**g - 24*u + 2. Give m(-3).
11
Let t(h) be the second derivative of -h**3/2 - h**2 + 2*h. Let i(b) = b**3 + 7*b**2 - 3*b - 18. Let r be i(-7). Calculate t(r).
-11
Let y(p) be the second derivative of 4*p**4/3 - p**3/2 - p**2/2 + 348*p. Give y(-1).
18
Let i be 2*3/(-6)*(0 - 3). Let u(n) = -7 - 69*n**3 + 3*n**2 + 36*n**3 - 4*n + 34*n**3 + i. Determine u(-4).
-4
Suppose 10 = -j - 5*v - 3, v + 32 = 4*j. Let t be (-2 - 4)*j/(-21). Let k(y) = 6 - 3 + 0*y**2 - 4*y + y**2. Give k(t).
-1
Let d be ((-64)/(-10))/((-50)/(-125)). Suppose d*r + 2 = 14*r. Let w(b) = -13*b**3 - b**2 - b. Determine w(r).
13
Let n(p) = 4 - 275*p + 277*p + 4. Give n(-7).
-6
Let x(a) = 11*a**2 - 3 + a - 12*a**2 + 4. Give x(-1).
-1
Suppose 2*m - 19 = -17*m. Let c(p) = -14*p**3 - p**2 + p + 1. Calculate c(m).
-13
Let m(c) = 12*c**2 - 7*c**3 + 13*c + 0*c**3 + 12*c**3 + 2 - 6*c**3. Determine m(13).
2
Let b = -17 - -13. Let g be -6*b/(-18)*-3. Let v(q) = 4*q**2 - 5*q**3 - 6 + g*q**3 + 2*q**3 - 3*q. What is v(-4)?
6
Let v(i) = -2*i**2 - 4*i - 4*i - i**3 + 12 + 6*i - 15. Calculate v(-2).
1
Let v(j) = j**3 + 8*j - 3. Let a = -39 - -45. Let w(b) = b**2 + b - 1. Let n(i) = a*w(i) - v(i). Determine n(6).
-15
Let b(r) = -r**3 - 5*r**2 + 3*r + 5. Let d be (-6)/9 - 124/(-6). Let z = d - 25. Determine b(z).
-10
Let l(c) = -c**2 - 2*c - 2. Let m(u) = 7*u**2 + 5*u + 13. Let b(x) = 6*l(x) + m(x). Determine b(5).
-9
Let n(g) = g**3 - g**2 - g + 1. Let f be 135*(15/(-12) + (-4)/(-16)). Let t be 3/(f/6) - (-4)/30. Give n(t).
1
Let a(l) = 31*l - 8. Let h(u) = -5*u - 1. Let x(k) = -a(k) - 6*h(k). Determine x(0).
14
Let w(i) be the third derivative of i**5/60 - i**4/8 - i**3/3 + 85*i**2. Determine w(5).
8
Let n(f) = 32*f - 1. Let p be (-2)/(-7) + ((-1350)/(-105))/18. Calculate n(p).
31
Suppose 2*t = 4 - 0. Suppose -4*s = -j - 10, 4*j - t*j = 3*s - 10. Let h(i) = 2*i**s - 1 - 3*i - i - i**2. Determine h(5).
4
Let x(c) = -2*c**2 + 4*c + 8. Let u be x(3). Let p(w) = -18*w - 23*w + 5*w**u + w**3 - 21*w - 5 + 66*w. Give p(-4).
-5
Let z(o) be the first derivative of -o**4/4 + 4*o**3/3 + 3*o**2/2 + o + 168. Give z(5).
-9
Let p = 1 - 2. Let n(r) = r**3 + r**2 - r. Suppose 25 = -5*w, 0 = 2*a + a - w - 14. Let x(v) = -v**3 - 2*v**2 + 4*v. Let h(b) = a*n(b) + x(b). What is h(p)?
-2
Suppose -4*i = -5*h + 20, -2*i - 24*h + 20 = -19*h. Let k(u) be the first derivative of i*u + 1/3*u**3 + 1/4*u**4 + 5 + 1/2*u**2. Give k(-1).
-1
Let d(i) = 130*i - 1815. Let p be d(14). Let a(v) = -4*v**2 - 4*v - 12. Let z(l) = -3*l**2 - 4*l - 11. Let m(t) = -4*a(t) + 5*z(t). Calculate m(p).
-2
Suppose 4*a + 2*c = 2*a + 4, -4*a = 2*c - 10. Suppose 0 = -2*f - 0*f - 4*o + 20, 30 = 3*f + a*o. Let n(t) = f + 2*t**3 - 1 - 3*t**3 - t. Give n(0).
9
Let s(n) = -n**3 - 9*n**2 - 10*n - 6. Suppose b - 56 = 2*g, -6 = 2*g - 0. Let c = b + -58. Determine s(c).
10
Let p(f) = -5*f - 2. Let m = -228 + 232. Determine p(m).
-22
Let w(x) = 84*x**2 - 40*x**2 - 43*x**2 - 6 - 4*x. What is w(5)?
-1
Suppose 2*n - 38 = 5*n + 4*p, -2*p - 22 = 2*n. Let t(r) = r**2 + 10*r + 4. What is t(n)?
-20
Let n(x) = x**3 - 8*x**2 + 6*x - 7. Let v(s) = 3*s**3 - 23*s**2 + 18*s - 20. Let p(l) = 8*n(l) - 3*v(l). Let u = 9 - -17. Let z = u + -22. Determine p(z).
-4
Let u(p) = -p**2 + 9*p - 11. Let h = -45 - -72. Let v = 35 - h. Determine u(v).
-3
Let g(r) = -5 + 3*r - 232*r**2 + 238*r**2 - 2 + r**3. Let m be g(-5). Let o(h) = 2*h + h - 2 - 7*h + m. Determine o(-2).
9
Let q(a) = a**3 - 8*a**2 + 5*a + 1. Let h(x) = x + 10. Let p be (0/1 - 1) + -2. Let l be h(p). Calculate q(l).
-13
Let y(j) = -13*j + 460 - 452 + 12*j. Determine y(10).
-2
Let z(o) = -o**2 + 7*o + 4. Suppose 3*g = 3*a + 4*g - 28, -2*g = -2. Let r be -4*(-6 + a)/(6/(-4)). Calculate z(r).
-4
Let v(l) be the third derivative of l**5/40 - l**4/12 - 7*l**3/2 - 32*l**2. Let c(f) be the first derivative of v(f). Calculate c(2).
4
Let v be 3*(2/5)/(12/(-10)). Let a(o) = -4*o**3 + o**2 + o. Give a(v).
4
Let r(d) = -8*d + 2. Suppose -7*h = -39 + 11. Determine r(h).
-30
Let d(q) = -22*q**3 - 19*q**2 + 31. Let a(n) = 5*n**3 + 5*n**2 - 8. Let w(l) = 9*a(l) + 2*d(l). What is w(-7)?
-10
Let h(u) be the second derivative of u**5/20 + 5*u**4/12 - 5*u**3/3 - 21*u**2/2 + 2*u + 95. Give h(-6).
3
Let m(t) = t - 7. Let k = -943 + 958. Calculate m(k).
8
Let o(x) = 10*x**2 + x. Suppose -20*y = -21*y - 4*t - 1, -4*t + 4 = -4*y. Determine o(y).
9
Suppose -19*x + 17*x + 6 = 0. Let k = 3 + x. Let h(f) = f**2 - 4*f - 1. What is h(k)?
11
Let i(b) = -3*b**2 + 27*b + 1. Let y be (0 - 25/(-3)) + (-8)/(-12). What is i(y)?
1
Let i(v) = -884 - v - v**2 - 2*v + 887. Determine i(-7).
-25
Let g(a) be the first derivative of 4*a**2 - a - 70. What is g(1)?
7
Let u(z) = -z**3 - 4*z**2 - 3*z + 3. Suppose 0 = h + h - 10. Suppose -22 + 7 = h*i. What is u(i)?
3
Let d(r) = r**2 - 43*r + 273. Let i be d(35). Let t(k) be the third derivative of k**4/8 - 7*k**3/6 - k**2. Give t(i).
-28
Let k(x) be the first derivative of x**2/2 + 2*x - 56. Calculate k(6).
8
Let c(a) = -a**3 + 4*a**2 + 6*a + 4. Let j be 42/(-49)*(-56)/6. Let i(b) = b**2 - 7*b - 3. Let u be i(j). Determine c(u).
9
Let n(m) = 0*m**3 + 6*m**3 - 85*m**2 + m + 86*m**2. What is n(-1)?
-6
Let w(h) = -h**3 - h**2 - h. Suppose -2*x + 14*s - 17 = 11*s, 0 = 3*x + 5*s - 22. What is w(x)?
1
Suppose -r + 16 = 3*r. Suppose 4 = 4*p - r. Let x(s) = -p*s - 4 + 1 + 5*s. What is x(3)?
6
Let n(v) = -5*v**2 + 6*v - 1. Let l(h) = 3 + 3 + 2*h**2 - 5 - 3*h**2. Let k(b) = -6*l(b) + n(b). Determine k(-7).
0
Suppose 3*m - 23 = 7. Let s be ((-5)/m)/((-3)/30). Let a(d) = 4*d - 5. Give a(s).
15
Let p = 55 - 61. Let o be p/8 - (-133)/28. Let c(s) = s**3 - 4*s**2 - 3*s + 1. Calculate c(o).
-11
Let f = 24 - 1. Let z